141a + -8a?
1350
In base 5, what is 20 + 241321?
241341
In base 10, what is 2 - 881541?
-881539
In base 14, what is 1c + -4203?
-41c5
In base 8, what is -22 + -4777?
-5021
In base 16, what is -215ac - -1?
-215ab
In base 15, what is -2b - 1315?
-1341
In base 5, what is 123314 - -2?
123321
In base 14, what is -2 - 2c83?
-2c85
In base 16, what is -4654 - -c?
-4648
In base 9, what is 261 - 10330?
-10058
In base 8, what is 0 + -566666?
-566666
In base 11, what is -4556a8 - -4?
-4556a4
In base 8, what is 261020 - -1?
261021
In base 14, what is 1 + 56d0?
56d1
In base 10, what is -11898 + -3?
-11901
In base 6, what is -224 + 3033?
2405
In base 7, what is 2 - -11046511?
11046513
In base 11, what is 1a069 + -39?
1a030
In base 11, what is -3856 - -19?
-3838
In base 9, what is -28 + -251?
-280
In base 4, what is -1 - 2101010222?
-2101010223
In base 3, what is 101 + -11220?
-11112
In base 11, what is -2676 + 8?
-2669
In base 15, what is -15d - -46?
-117
In base 4, what is 10 - -103102311?
103102321
In base 7, what is -144 + -5?
-152
In base 8, what is -55566 + 0?
-55566
In base 12, what is 61 + -193b?
-189a
In base 8, what is -54 + 65142?
65066
In base 10, what is 2 - 51642?
-51640
In base 13, what is -c8b86 + -1?
-c8b87
In base 2, what is -1100011101000110 + 10100?
-1100011100110010
In base 16, what is 18 - -39b?
3b3
In base 8, what is 3667 + -67?
3600
In base 5, what is 14 - -124423?
124442
In base 11, what is 39a031 + -4?
39a028
In base 12, what is 3333 + -64?
328b
In base 13, what is -1145 - 1b?
-1163
In base 16, what is -2 - -6c91?
6c8f
In base 15, what is 6b6a0 - -3?
6b6a3
In base 7, what is 11 - 26225?
-26214
In base 9, what is 30 + -1663?
-1633
In base 3, what is 12 + 22002021121?
22002021210
In base 10, what is -1702 - -2204?
502
In base 11, what is -4 - 36161a?
-361623
In base 13, what is -2 + 5ac6?
5ac4
In base 14, what is -6ad8 + -16?
-6b10
In base 3, what is 20 + -1100221?
-1100201
In base 6, what is 3423 + 3?
3430
In base 15, what is -115 - 4?
-119
In base 3, what is -201022 + -211?
-202010
In base 11, what is -7a64 + 3?
-7a61
In base 16, what is -a - e85?
-e8f
In base 7, what is 2 + 426111?
426113
In base 7, what is -53210 + -1?
-53211
In base 14, what is 2 + -6312?
-6310
In base 12, what is -5 + 2b?
26
In base 16, what is -5dcae + -5?
-5dcb3
In base 14, what is -5335 - -33?
-5302
In base 15, what is -69 - -13b7?
134d
In base 12, what is 3 - 76424?
-76421
In base 9, what is 1038 - -333?
1372
In base 2, what is -1111001011000101110 - 1?
-1111001011000101111
In base 3, what is -221111110 - 1?
-221111111
In base 10, what is 83637 + -2?
83635
In base 16, what is 8 + -f81?
-f79
In base 12, what is -b - -12a0?
1291
In base 10, what is -37897 - -17?
-37880
In base 5, what is -111 - -1414?
1303
In base 3, what is 221 + 120201?
121122
In base 15, what is 345 - -d?
353
In base 14, what is 66c + -227?
445
In base 7, what is 11353 - 34?
11316
In base 14, what is 20b2 + -380?
1b32
In base 6, what is 12104 + 112?
12220
In base 6, what is 2 + -13202?
-13200
In base 12, what is -741b + 196?
-7245
In base 10, what is -1 - -608529?
608528
In base 13, what is -1 + 28a19?
28a18
In base 4, what is -201 + 1213122?
1212321
In base 7, what is 5 - 40602?
-40564
In base 12, what is 1b0b2 + 1?
1b0b3
In base 5, what is 2330234233 + -2?
2330234231
In base 9, what is 0 - -3413?
3413
In base 11, what is -198 - -115?
-83
In base 12, what is 5b - 6b2?
-653
In base 7, what is -100416 - 10?
-100426
In base 3, what is 10 + -10021002221?
-10021002211
In base 12, what is -242 - -7a9?
567
In base 16, what is -150 - 52?
-1a2
In base 13, what is 5079ba + 2?
5079bc
In base 13, what is -1753 - -2?
-1751
In base 7, what is 165 - 1401?
-1203
In base 5, what is -1202134 + 10?
-1202124
In base 13, what is -486 - 23b?
-6c4
In base 11, what is 71 + -8828?
-8767
In base 4, what is -203200 - -113213?
-23321
In base 12, what is 3 - -64668?
6466b
In base 2, what is 10100111111010010000 - -101?
10100111111010010101
In base 14, what is 2 + 5902b?
5902d
In base 13, what is 3926 - -19?
3942
In base 6, what is -3342 - -20?
-3322
In base 4, what is -3 + 13023031?
13023022
In base 16, what is -4d0 - b?
-4db
In base 15, what is -19883 - -35?
-1984d
In base 8, what is 10 + -27536?
-27526
In base 4, what is -1 - 2011030?
-2011031
In base 3, what is 0 + 10212100?
10212100
In base 14, what is -1b - -35?
18
In base 2, what is -110000111 - -1000011?
-101000100
In base 2, what is -110110111111 - -1000?
-110110110111
In base 14, what is 0 - 1c096?
-1c096
In base 5, what is -3 + 2422202?
2422144
In base 13, what is 3 + 3872?
3875
In base 7, what is 3230164 - 13?
3230151
In base 5, what is -102 - -120304?
120202
In base 10, what is 3 + -57941?
-57938
In base 7, what is 0 - -356530?
356530
In base 5, what is 2432330 - 2?
2432323
In base 6, what is 134445001 + -2?
134444555
In base 13, what is 1c37 + -c9?
1b3b
In base 13, what is 9 + -723?
-717
In base 13, what is -5 + 362aca?
362ac5
In base 7, what is -5 + 60455?
60450
In base 5, what is -21430 - -134?
-21241
In base 14, what is 2 - 1dc33?
-1dc31
In base 10, what is -144 - -578?
434
In base 14, what is 9 + 68a42?
68a4b
In base 16, what is -17 + 1ecc6?
1ecaf
In base 15, what is -3 + 103b57?
103b54
In base 2, what is 1011 + -1001100010000?
-1001100000101
In base 11, what is -2 - -45005?
45003
In base 11, what is -54087 + 18?
-5406a
In base 16, what is -fe748 - -4?
-fe744
In base 11, what is -25 - -1aa11?
1a997
In base 10, what is 3494 - -36?
3530
In base 4, what is 3 + -12031030?
-12031021
In base 4, what is 232100102 - 2?
232100100
In base 11, what is -13 + -123?
-136
In base 6, what is 0 + -343205?
-343205
In base 4, what is 1010 - 131233?
-130223
In base 3, what is -101002020101 + 10?
-101002020021
In base 4, what is 21102 - -233?
22001
In base 10, what is 14976 + 10?
14986
In base 14, what is -2 - 1862a9?
-1862ab
In base 3, what is -11 + 220001220002?
220001212221
In base 11, what is 8a3691 + -2?
8a368a
In base 9, what is -3 - -751440?
751436
In base 12, what is -140 + -311?
-451
In base 7, what is -5543350 + -4?
-5543354
In base 16, what is 0 + -ab?
-ab
In base 7, what is 3 + 603?
606
In base 6, what is 142 + 3022?
3204
In base 12, what is 1721 + -50?
1691
In base 13, what is 0 + 1862c?
1862c
In base 13, what is 2 - -1a798?
1a79a
In base 5, what is -3 - 10013301?
-10013304
In base 9, what is 106777 - -1?
106778
In base 13, what is 33b - -8b?
3c9
In base 10, what is 1747 + 319?
2066
In base 2, what is 101 - -101110110110000011?
101110110110001000
In base 11, what is 812 - 4764?
-3a52
In base 7, what is -64402 + -6?
-64411
In base 2, what is 11100111101011011 + 100?
11100111101011111
In base 4, what is 0 + 213121?
213121
In base 12, what is -4176 + 4?
-4172
In base 11, what is 184 - 1184?
-1000
In base 6, what is 12312545 + -3?
12312542
In base 10, what is 8 + -17891?
-17883
In base 13, what is -29 - 96a?
-996
In base 16, what is 54 + -66d?
-619
In base 2, what is -100 + 11111011100010?
11111011011110
In base 13, what is -3 - -13325?
13322
In base 11, what is -120 + 236?
116
In base 4, what is 3111 + -1312?
1133
In base 14, what is -1c7 - 460?
-647
In base 13, what is -323 - -21?
-302
In base 15, what is 312cc3 + 4?
312cc7
In base 8, what is 7022 + -616?
6204
In base 6, what is 42 - 11154?
-11112
In base 13, what is 0 + 55aa9?
55aa9
In base 8, what is -15 + 2647?
2632
In base 8, what is -53432 + 34?
-53376
In base 13, what is -6 - 1427c?
-14285
In base 6, what is -123 + 241333?
241210
In base 3, what is -22 - -202020110?
202020011
In base 13, what is -2683a + 0?
-2683a
In base 8, what is -151025 - 2?
-151027
In base 15, what is -3 - 8b5ba?
-8b5bd
In base 6, what is 5 + -130422?
-130413
In base 6, what is -1334 - 14?
-1352
In base 13, what is 10361 - -18?
10379
In base 5, what is 104214 + 104?
104323
In base 10, what is -20 - -53?
33
In base 5, what is -42 + 23220?
23123
In base 5, what is 3 + 2020040?
2020043
In base 2, what is 110111000100101011101 - -1?
110111000100101011110
In base 12, what is 6815 - -3?
6818
In base 9, what is 1215 - -1?
1216
In base 13, what is 1 - 67783?
-67782
In base 11, what is 5 + -3862?
-3858
In base 3, what is -12000 - -200221?
111221
In base 8, what is 4 - -3207016?
3207022
In base 15, what is -1 + -14eb?
-14ec
In base 2, what